*f**3 - 4*f**2 + 4*f - 7. Let a(t) = 1. Let r(n) = -4*a(n) - h(n). Give r(o).
-5
Let u(i) be the first derivative of -i**3/3 - 9*i**2/2 - 5*i + 3. Let r(v) = v**2 - 9*v + 1. Let q be r(8). Determine u(q).
9
Let i be (-7)/(-1) - 1/1. Let n(k) = -3 + 7*k + 5048*k**2 + 1 - 5049*k**2 - 6. Determine n(i).
-2
Let h(k) = 5*k + 4*k + 7*k**2 - 5*k - 6 + k**3. Let c = 11156 - 11162. Calculate h(c).
6
Let p be 80/30*(2 - (-4)/((-24)/21)). Let d be -1 + 2 + 2 - 1. Let v(o) = o - 2*o - 3*o - o**d. Calculate v(p).
0
Let w(b) = -2 - 8 - b - 4 + 3. Let p be w(-12). Let d(v) = -8*v**3 - v**2 + v - 1. Give d(p).
-9
Let z be ((-16)/(-10) - 2)*-10. Let a(f) = -2*f + 3. Let c(w) = -3*w + 11. Let j(q) = 2*a(q) - c(q). What is j(z)?
-9
Let h(m) = m + 172 + 0*m - 349 + 171. Let a = -4 + 4. Suppose a = -2*j - 0*c + 4*c + 12, 4*j = -3*c - 9. Calculate h(j).
-6
Let j(m) = m**2 - 6*m. Let g(n) = n**2 - 7*n + 4. Let y(r) = 4*g(r) - 5*j(r). Determine y(-3).
1
Let t(c) be the second derivative of c**5/60 - c**4/3 + 5*c**3/6 - 2*c**2 + 7*c. Let u(a) be the first derivative of t(a). Give u(7).
-2
Let b(y) = -64*y + 1. Suppose 0 = -47*k + 22*k + 25. What is b(k)?
-63
Let d = -1521 + 1525. Let j(w) be the third derivative of 0*w + 1/60*w**5 + 0 + 1/12*w**d + 1/3*w**3 - 2*w**2. Calculate j(-3).
5
Let i be 2/(-9) + 156/(-27). Let u be 3*(-6)/9 - i. Let r(d) = d**3 - 3*d**2 - 7*d + 5. What is r(u)?
-7
Suppose v + 7 = -3*z + z, 0 = 4*z + 4*v + 4. Let w(p) = -p + 4. Let t(h) = -2*h + 3. Let c(s) = 3*t(s) - 4*w(s). Calculate c(z).
5
Let p(h) = -5*h + 0*h + 6 + 41*h**2 - 3 - 40*h**2. Suppose 23 - 8 = 5*v. Suppose -v = -5*g + 12. Calculate p(g).
-3
Let p be 4 + 0*(-5)/10. Let d(f) = -f - 1. Give d(p).
-5
Let c(x) = 5*x + 1. Let t(q) = q**3 + 7*q**2 + 6*q + 31. Let j(y) = -2*y**3 - 7*y**2 - 7*y - 30. Let z(g) = 2*j(g) + 3*t(g). Let i be z(8). Determine c(i).
6
Let k(z) = -67*z + 5 - 3 + 37*z + 33*z. What is k(-2)?
-4
Let m(l) be the third derivative of l**6/120 - l**5/12 + l**4/8 - l**3/6 + 315*l**2. Calculate m(5).
14
Let c(w) = -652*w + 1286*w - w**2 - 640*w + 3. Calculate c(4).
-37
Let d(i) = i + 6. Suppose -2*a + a = -41. Suppose -f + 2*c + 4 = 0, -c + a = 4*f - 2. Suppose 5*p = -5*b - f, -6*p + 3*b = -2*p + 36. Calculate d(p).
0
Let k(y) = y**3 + 15*y**2 - y + 7. Let r(s) = -61*s - 259. Let q be r(-4). Calculate k(q).
22
Let h(q) = -q - 2. Let a(s) = -176*s + 94*s + 86*s + 9. Let z(l) = -l**3 + 16*l**2 + 2*l - 23. Let p be z(16). Let d(k) = p*h(k) + 2*a(k). Give d(-4).
4
Suppose -3*i = 2*q - 9 + 10, 3*i - 5*q = 13. Let x(n) = 11*n + 1. Calculate x(i).
12
Let p(f) = -f**3 + 8*f**2 + f - 11. Let l be p(8). Let a(h) = 2*h - 8. Let g(v) = 9*v - 39. Let r(i) = 24*a(i) - 5*g(i). Determine r(l).
-6
Let o(i) = i**2 + 17*i + 16. Suppose q = -26*l + 31*l + 84, 40 = -2*l + 2*q. What is o(l)?
0
Let k(l) = -2 + 7*l**2 + 13*l + 7*l**3 - 8*l**3 + 0*l**3 - 24*l. Determine k(5).
-7
Let w(i) = i + 5. Let l be w(4). Let a(j) = j**2 - 3*j - 11. Let g(b) = -4*b**2 + 13*b + 44. Let t(v) = l*a(v) + 2*g(v). Suppose 6*d = -0*d. What is t(d)?
-11
Let s(g) = g**2 + g + 1. Let r be (-1)/2 + ((-26)/4 - -7). What is s(r)?
1
Let a(v) = 3 + 10*v + 13*v - 10 - 22*v. Let h = 16 + -11. What is a(h)?
-2
Let u(s) be the second derivative of -s**5/20 - 3*s**4/4 - 3*s**3/2 - 2*s**2 + 272*s + 1. Let z(o) = o**3 - 4*o**2 - 7*o + 2. Let g be z(5). Calculate u(g).
4
Suppose -2 - 1 = -p. Let h(y) = y**2 - y. Let l be h(2). Let s(k) = -2 + l*k + 5 - 2. Give s(p).
7
Let b(d) = -581*d + 0*d**2 + 575*d + 2*d**2. Give b(6).
36
Let q(v) = -v**2 - 7*v - 5. Let t = 6 - 2. Let n be 2*(t/8 + 3). Let w(a) = -a + 2. Let g be w(n). Determine q(g).
5
Let h(u) = -3*u**2 - 1. Suppose -x + 4*g - 14 = 0, -2*x - 12 = -g - 3*g. Suppose 0 = 5*d - x*d - 3. Give h(d).
-4
Let t(j) = 3*j**2 - j - 1. Let k(h) = -13*h**2 + 15*h + 3. Let i(w) = -k(w) - 4*t(w). What is i(9)?
-17
Let k(p) = p - 5579 + 2791 + 2786. Let s be (-1 - 11)*(-2)/(-3). What is k(s)?
-10
Let u(m) = -4*m**2 - 26*m - 15. Let v(i) = -9*i**2 - 52*i - 32. Let f(l) = 13*u(l) - 6*v(l). Give f(13).
-3
Suppose 2*v - 2 = -3*d - 2*v, -5*d - 2*v = -22. Let i(t) = 2 + t + 0*t**3 + 3*t**2 + t**3 + 0 - d*t**2. Let j be 0 - (-1 + (5 - 7)). Calculate i(j).
5
Let g(k) = k**2 - k - 4. Suppose -28 + 22 = -3*f. What is g(f)?
-2
Let h(g) = -g**3 - 6*g**2 + 6. Suppose 2*f = 2*q + 14, -3*q + 27 = -0*f + 5*f. Suppose -f*i + 2*i = 24. What is h(i)?
6
Let v(c) = -c - 2. Let j = -183 + 181. Determine v(j).
0
Suppose 2*u = 12 - 8. Suppose 0*d = u*d - 6. Let q(i) = -i**2 - i + 4. Calculate q(d).
-8
Let y(j) = 0 - 9*j + j**3 + 8 + 4 - 7*j**2. Give y(8).
4
Let y(i) = i**3 + 6*i**2 - 5. Suppose 0 = -20*x + 22*x + 12. Let m be y(x). Let h(c) = 3*c + 6. Determine h(m).
-9
Let r be (-18)/(-3)*(-5)/(-15). Let m(c) = 13*c**r + 3 - 14*c**2 - 6 + 5*c. What is m(7)?
-17
Suppose -2*v = -2 - 4. Let m(q) = 2 + 4*q**2 + 11 + q**v - 3*q - 6. Determine m(-5).
-3
Let m(f) be the first derivative of -f**4/4 - 5*f**3/3 - 5*f**2/2 + 3*f + 7557. Let o(d) = d - 9. Let c be o(5). Determine m(c).
7
Suppose i = -0*i. Suppose i = 5*x - 2*d - d - 10, -5*x - 5*d + 50 = 0. Let h(k) be the first derivative of -k**3/3 + 2*k**2 - k + 1. Give h(x).
-6
Suppose 0 = 3*f + 5 + 10. Let j(v) = -3*v**3 - 6*v + 6. Let t(k) = -k**3 - 3*k + 3. Let h(s) = f*t(s) + 2*j(s). Give h(3).
-21
Let v(q) = 2*q - 2. Let g be v(1). Suppose g = 3*s - 16 + 19. Let j(c) = -4*c**2 - c. Give j(s).
-3
Suppose 3*a = -2*a + 15. Let k = 1 + a. Suppose -k*w + 0 + 16 = 0. Let h(n) = n**3 - 4*n**2 + 5. Give h(w).
5
Let f(l) = -l**3 + 21*l**2 - l + 22. Let v be f(21). Let g be (-10)/(-4) - (-2)/4. Let b(q) = -v - 4*q + 2*q - g. Determine b(-4).
4
Let u(g) = 0*g - 43*g**2 - 2 - 7 + 8 + g. What is u(1)?
-43
Let y(p) = p**3 - 2 - 2 - 5*p + 4*p. Let b be (-98)/(-4) + 0 + 3/(-2). Let z = -23 + b. Calculate y(z).
-4
Let v(a) = 3*a + 2*a - 4*a - 3*a. Calculate v(5).
-10
Let r(d) = 2*d + 7. Suppose 0 = 3*c - 0*c - 9. Suppose -5*v + c*t = 2, t = 4*v + 6*t - 28. Suppose 0*k - 3*k - 9 = v*g, 0 = -2*g + 4*k - 16. What is r(g)?
-5
Let s(q) = -q + 10. Let l be s(5). Suppose -2*k - l*j - 35 + 4 = 0, 3*k + 2*j = -19. Let n(h) = -2*h - 1. Determine n(k).
5
Let a = 2 + 6. Suppose -5*y + a = 3. Let d(c) = -6*c**2 + 3*c + 4. Let p(q) = 2*q**2 - q - 1. Let m(w) = -2*d(w) - 7*p(w). Calculate m(y).
-2
Let n = 7 - 4. Let l(c) = 5*c - n*c - c**2 - 3*c. Give l(2).
-6
Let g(f) = 12*f**2 - 2*f - 1. Let d be (-4)/30 - (-51)/45. Give g(d).
9
Let o(u) = -u**2 + 4*u. Let c be -3 + (10 - 2) + 0. Suppose -c*r + 10 = -3*r. Suppose 2*j + 3*s = 8, -2*j + s + 3 = -r. What is o(j)?
0
Let j(i) be the third derivative of i**6/120 - 2*i**5/15 + i**4/3 + i**3/6 + 18*i**2 + 2*i. Suppose -4*o = -0*o + 4. Let n be (-1 + -20)*o/3. What is j(n)?
8
Let c(g) = g**3 - 5*g**2 + 4*g + 5. Let s be c(4). Let z(w) = 2*w - 8*w + s*w + 3. Let j be -2*(55/10 + -4). Calculate z(j).
6
Let f(h) = 2*h**2 - 1 + 391*h + 379*h - 781*h. What is f(5)?
-6
Let n(k) = -k**3 - 2*k**2 + k + 2. Suppose 0 = x - 4 - 4. Let w be 1/(4 - 36/x). Calculate n(w).
0
Let p(n) = -5*n + 28. Let k be p(8). Let s(g) = g**3 + 12*g**2 + 2*g + 25. Let d be s(k). Let i(t) = 12*t + 1. Determine i(d).
13
Suppose -2*o - 3*d + 2 = -7*d, -3*o - 5*d = -25. Let s(t) = o*t - 73 + 42 - t + 33. What is s(2)?
10
Let j(r) = -r**2 - r + 5. Suppose -4 = 6*l - 5*l. What is j(l)?
-7
Let l(p) = 2*p**2 - 2*p. Suppose -2*g - 51 = -g - 2*y, 4*g + 186 = 2*y. Let o be 15/g - (-14)/6. What is l(o)?
4
Let t(q) be the first derivative of q**2/2 - 3*q - 68. Give t(0).
-3
Let c(n) = n**3 - 7*n**2 + 5*n + 4. Let r = 98 + -68. Suppose y - 17 - 4 = -3*j, -r = -4*j - 2*y. Let m = j - 0. Determine c(m).
-2
Let f(v) = 3651 + v**2 - 3635 + 15*v + 0*v**2. Give f(-13).
-10
Suppose -3 = 2*c - 7. Let l(v) = 12*v**2 + v - 10*v**2 + c*v - 3. Let u(h) = -h**2 - 7*h - 9. Let t be u(-6). Give l(t).
6
Let j(g) = 4*g**2 + 4*g - 3. Let t(s) = -s**2. Suppose -d = -15 + 21. Let u(o) = d*t(o) - j(o). Calculate u(2).
3
Let j(m) be the second derivative of m**7/840 - m**6/240 + m**4/3 - m. Let n(g) be the third derivative of j(g). Calculate n(2).
6
Suppose -2*v = -2*m - 1 - 13, 4 = 2*v. Let w(f) be the third derivative of 4*f**2 - 1/24*f**4 + 0 + 0*f - 1/6*f**3. Give w(m).
4
Let a(t) be the second derivative of t